 is the hundred thousands digit of 2329773?
3
What is the units digit of 55112?
2
What is the thousands digit of 4173412?
3
What is the tens digit of 2775382?
8
What is the units digit of 266655?
5
What is the hundreds digit of 351443?
4
What is the hundred thousands digit of 234333?
2
What is the tens digit of 1946957?
5
What is the ten thousands digit of 26524369?
2
What is the units digit of 526265?
5
What is the hundred thousands digit of 254308?
2
What is the hundred thousands digit of 9293940?
2
What is the units digit of 1391962?
2
What is the ten thousands digit of 66774?
6
What is the units digit of 6028579?
9
What is the hundred thousands digit of 2086458?
0
What is the millions digit of 11229839?
1
What is the hundreds digit of 2278963?
9
What is the units digit of 10322864?
4
What is the units digit of 80942?
2
What is the hundreds digit of 665778?
7
What is the units digit of 14924?
4
What is the hundreds digit of 475258?
2
What is the hundreds digit of 2340021?
0
What is the hundreds digit of 1024574?
5
What is the ten millions digit of 22678542?
2
What is the thousands digit of 274545?
4
What is the units digit of 686337?
7
What is the millions digit of 1818892?
1
What is the hundreds digit of 7563872?
8
What is the hundred thousands digit of 2516222?
5
What is the units digit of 1522921?
1
What is the ten thousands digit of 246554?
4
What is the ten thousands digit of 180929?
8
What is the ten thousands digit of 169134?
6
What is the thousands digit of 3149139?
9
What is the units digit of 36456?
6
What is the millions digit of 13337132?
3
What is the ten thousands digit of 3278902?
7
What is the ten thousands digit of 678926?
7
What is the tens digit of 123911?
1
What is the ten millions digit of 32218484?
3
What is the units digit of 170052?
2
What is the ten thousands digit of 12911633?
1
What is the hundreds digit of 1353631?
6
What is the ten millions digit of 30563151?
3
What is the units digit of 1261848?
8
What is the hundreds digit of 702075?
0
What is the hundred thousands digit of 4010608?
0
What is the millions digit of 5352591?
5
What is the hundred thousands digit of 1362842?
3
What is the ten thousands digit of 17538726?
3
What is the ten thousands digit of 788554?
8
What is the tens digit of 8862344?
4
What is the ten thousands digit of 39859047?
5
What is the hundreds digit of 11528708?
7
What is the hundreds digit of 2340670?
6
What is the tens digit of 425373?
7
What is the tens digit of 153282?
8
What is the ten thousands digit of 3864316?
6
What is the hundreds digit of 927898?
8
What is the hundred thousands digit of 550307?
5
What is the thousands digit of 12235882?
5
What is the hundreds digit of 6821952?
9
What is the ten thousands digit of 434137?
3
What is the ten thousands digit of 701134?
0
What is the ten thousands digit of 1279607?
7
What is the tens digit of 117043?
4
What is the tens digit of 11211130?
3
What is the thousands digit of 165141?
5
What is the thousands digit of 229510?
9
What is the millions digit of 7096564?
7
What is the units digit of 1783502?
2
What is the thousands digit of 270504?
0
What is the hundred thousands digit of 23012402?
0
What is the units digit of 1532867?
7
What is the hundred thousands digit of 1697997?
6
What is the hundreds digit of 11298302?
3
What is the tens digit of 14442805?
0
What is the ten millions digit of 10082370?
1
What is the thousands digit of 615099?
5
What is the hundreds digit of 75581?
5
What is the ten thousands digit of 1749524?
4
What is the tens digit of 1591406?
0
What is the units digit of 7727297?
7
What is the hundred thousands digit of 360472?
3
What is the thousands digit of 240797?
0
What is the millions digit of 5313420?
5
What is the thousands digit of 3646620?
6
What is the units digit of 147488?
8
What is the hundred thousands digit of 1099923?
0
What is the hundred thousands digit of 399127?
3
What is the tens digit of 299339?
3
What is the ten thousands digit of 559389?
5
What is the thousands digit of 1012094?
2
What is the ten thousands digit of 822416?
2
What is the units digit of 20623291?
1
What is the millions digit of 2815361?
2
What is the millions digit of 5780343?
5
What is the units digit of 2813033?
3
What is the tens digit of 291446?
4
What is the tens digit of 395365?
6
What is the millions digit of 1598735?
1
What is the tens digit of 4163067?
6
What is the units digit of 27803052?
2
What is the hundreds digit of 29491427?
4
What is the hundred thousands digit of 379191?
3
What is the ten thousands digit of 247920?
4
What is the ten thousands digit of 1390633?
9
What is the tens digit of 960735?
3
What is the hundreds digit of 175887?
8
What is the units digit of 9540122?
2
What is the tens digit of 568875?
7
What is the ten thousands digit of 1876574?
7
What is the units digit of 18426?
6
What is the hundreds digit of 2583298?
2
What is the thousands digit of 221951?
1
What is the hundred thousands digit of 27353672?
3
What is the ten thousands digit of 1389148?
8
What is the tens digit of 1013941?
4
What is the hundred thousands digit of 1666019?
6
What is the hundreds digit of 587407?
4
What is the thousands digit of 5829712?
9
What is the tens digit of 147788?
8
What is the tens digit of 823760?
6
What is the thousands digit of 208105?
8
What is the tens digit of 8091501?
0
What is the hundred thousands digit of 11593837?
5
What is the thousands digit of 527154?
7
What is the hundreds digit of 13295088?
0
What is the tens digit of 7505966?
6
What is the millions digit of 3235105?
3
What is the tens digit of 3292287?
8
What is the units digit of 1613406?
6
What is the units digit of 4074317?
7
What is the tens digit of 6355832?
3
What is the tens digit of 592856?
5
What is the tens digit of 647966?
6
What is the ten thousands digit of 289706?
8
What is the units digit of 3730979?
9
What is the hundreds digit of 282020?
0
What is the hundreds digit of 270439?
4
What is the tens digit of 896042?
4
What is the hundreds digit of 117799?
7
What is the hundreds digit of 305845?
8
What is the ten thousands digit of 1129440?
2
What is the ten thousands digit of 307205?
0
What is the tens digit of 6586205?
0
What is the ten thousands digit of 25273784?
7
What is the tens digit of 4667865?
6
What is the tens digit of 600986?
8
What is the tens digit of 1368473?
7
What is the units digit of 2423297?
7
What is the millions digit of 5443114?
5
What is the units digit of 2423548?
8
What is the units digit of 13779221?
1
What is the hundred thousands digit of 3927690?
9
What is the ten thousands digit of 233276?
3
What is the millions digit of 32279758?
2
What is the ten thousands digit of 4886261?
8
What is the hundred thousands digit of 7256682?
2
What is the ten thousands digit of 2550169?
5
What is the ten thousands digit of 678304?
7
What is the tens digit of 2357748?
4
What is the units digit of 795528?
8
What is the hundred thousands digit of 9010539?
0
What is the hundreds digit of 155683?
6
What is the tens digit of 513265?
6
What is the tens digit of 5953119?
1
What is the thousands digit of 339252?
9
What is the hundreds digit of 189669?
6
What is the thousands digit of 18725?
8
What is the thousands digit of 1038742?
8
What is the ten millions digit of 11504090?
1
What is the hundreds digit of 4009274?
2
What is the hundred thousands digit of 153156?
1
What is the units digit of 12367643?
3
What is the hundred thousands digit of 1042148?
0
What is the hundred thousands digit of 1986326?
9
What is the tens digit of 3865260?
6
What is the units digit of 178394?
4
What is the units digit of 7104388?
8
What is the tens digit of 12514710?
1
What is the hundreds digit of 11327396?
3
What is the hundred thousands digit of 945560?
9
What is the ten thousands digit of 649364?
4
What is the hundreds digit of 25685896?
8
What is the millions digit of 9282037?
9
What is the thousands digit of 39889?
9
What is the ten thousands digit of 47606?
4
What is the ten thousands digit of 4919328?
1
What is the thousands digit of 876332?
6
What is the hundreds digit of 838806?
8
What is the hundred thousands digit of 189896?
1
What is the hundred thousands digit of 12519570?
5
What is the hundreds digit of 4470169?
1
What is th